e factors of g + (2 + -1)*0.
2, 19
Let x be (-1 + 2)/((-6)/(-156)). Suppose -3*z + 20 = 4*k, -2*k = k + 5*z - x. Let j = k + 15. List the prime factors of j.
17
Let i = -374 - -681. What are the prime factors of i?
307
Let k(h) = -h**3 + 46*h**2 - 73*h - 91. List the prime factors of k(44).
569
List the prime factors of -8 + 2056 + (-16)/(-2).
2, 257
Let g(v) = 3*v + 8. Let f be g(-5). Let o(m) = m**3 + 6*m**2 - 6*m + 5. Let i be o(f). What are the prime factors of 1/i*(-37 + -5)?
3, 7
Suppose -3*y + 2*a = a - 764, -4*y = -2*a - 1020. List the prime factors of y.
2, 127
Suppose 0 = -18*r + 20*r - 1446. What are the prime factors of r?
3, 241
Let r = -29 + 51. Let v = r - 7. Suppose t - 2*t = -v. What are the prime factors of t?
3, 5
Let g = -152 + 216. Suppose -63*o + g*o = 40. What are the prime factors of o?
2, 5
Suppose -20 = -0*w + 5*w, 4*n + 5*w - 600 = 0. Let p = -106 + n. What are the prime factors of p?
7
Let j(i) = i + 13. Let o be j(-11). Let g be (-4)/(-16) - (-14)/8. Suppose -g = o*d - 82. What are the prime factors of d?
2, 5
Suppose 0 = -69*p + 100*p - 22692. What are the prime factors of p?
2, 3, 61
Let h = -3014 + 3738. What are the prime factors of h?
2, 181
Let o be 4*26 + -4 + 5. Let a = o - 60. List the prime factors of a.
3, 5
Let d(a) = a - a - 6*a**2 - 2 - a + 7*a**2. Let q be d(3). Suppose -r - q*r = -80. List the prime factors of r.
2
Let o = 4087 + -2899. List the prime factors of o.
2, 3, 11
Let d(a) = a - 25. Let y be d(8). Let u = y - -14. Let r = u + 52. List the prime factors of r.
7
Suppose 0 = -3*l - 5*f + 2*f - 3, 4*l + 7 = -3*f. Suppose 2*i - 78 = -3*r, -r - 12 = -2*r + 4*i. List the prime factors of ((-13)/l)/(3/r).
2, 13
Let n(k) = 83*k**2 + 12*k + 92. List the prime factors of n(-6).
2, 47
Let i(q) = -102*q**2 + 2*q + 2. Let s be i(-1). Let j = -72 - s. Suppose 4*z + z = 4*n + 53, -3*z + j = -3*n. List the prime factors of z.
13
Let n be 2/(-10) + (-48)/(-15). Suppose 0 = n*x + 2*x. Suppose 5*i - 48 = -2*m + 43, -3*i - 4*m + 63 = x. What are the prime factors of i?
17
Suppose -4*f = 8*f - 8556. List the prime factors of f.
23, 31
Let a(s) = -254*s - 42. What are the prime factors of a(-5)?
2, 307
Let j(t) = -5*t + 18. What are the prime factors of j(-15)?
3, 31
Suppose -x + 2 + 0 = 0. Let m = -7 - -18. Suppose -4*n + m = 3, x*y = 4*n + 40. What are the prime factors of y?
2, 3
Let z(s) be the first derivative of 4*s**2 - 4*s - 150. Let j be 7*(-2 - -1)*-1. List the prime factors of z(j).
2, 13
What are the prime factors of -4 - -7 - 50*(-4 + -3)?
353
Let g be (-1)/(((-12)/1581)/4). Let d = g + -279. What are the prime factors of d?
2, 31
What are the prime factors of ((-83)/(-4))/(6*7/336)?
2, 83
Let t(f) = 861*f**2 - 52*f - 53. What are the prime factors of t(-1)?
2, 5, 43
Let v be (-9)/(-4) + -2 + (-105)/(-28). Suppose -3*b + 522 = v*x - 0*x, 0 = -4*b - 5*x + 696. What are the prime factors of b?
2, 3, 29
Let y = 792 + -353. List the prime factors of y.
439
Suppose 185370 = 88*o + 23*o. What are the prime factors of o?
2, 5, 167
Let i(r) = 8*r + 9. Let n(g) = -g. Let d(z) = -2*i(z) + 4*n(z). List the prime factors of d(-10).
2, 7, 13
Let h(i) = 29*i**2 + 8*i + 55. List the prime factors of h(-5).
2, 5, 37
Let c(p) = -10*p**3 - p**2 - 3*p - 1. Let i be (0 - (4 + -2))*1. What are the prime factors of c(i)?
3
Let t be (3 - 38)*(-2)/(-5). Let u be 144/t - 10/(-35). Let w = u + 13. List the prime factors of w.
3
Suppose a - 3*h = 12, -h + 2*h = 3*a + 4. What are the prime factors of (-226 + -4)*(5/2 + a)?
5, 23
Suppose -4*d + 7 = f, -10 - 4 = -2*f + 2*d. Suppose -9*o + 4 = -f*o. Let u(w) = 9*w**2 + 4*w - 4. What are the prime factors of u(o)?
2, 5
Let w(u) = u**3 - 2*u**2 - 15*u + 40. List the prime factors of w(9).
2, 59
Let k be -2 + 0 + -2 + 58. Let r = k + -8. Let u = r + -24. List the prime factors of u.
2, 11
Let v(l) = -l**2 - 6*l - 3. Let r be v(-4). Let c(f) = 2*f - 7. Let u be c(r). Suppose -5*x - 4*s + 36 = 0, 0*x - 3*s = -u*x. What are the prime factors of x?
2
Suppose g - 269 = 2*k - 5*k, 5*k - 1111 = -4*g. List the prime factors of g.
2, 71
Suppose -42*w + 14916 = -31*w. What are the prime factors of w?
2, 3, 113
Let h(z) = -2*z**2 + 4*z - 2. Let f be h(2). Let m(s) be the third derivative of -2*s**4/3 - 5*s**3/6 - 424*s**2. What are the prime factors of m(f)?
3
Let w = -286 + 827. List the prime factors of w.
541
Let v(i) = 36*i + 1. Suppose 3*n - 5 = 2*g, 2*g - 6 + 1 = n. Suppose -4*q = -4*x, -1 = 3*x + q - g. What are the prime factors of v(x)?
37
Let b(a) = 3*a**2 + 7*a + 52. Let g be b(-7). Suppose -2*v - 2*m + 102 = -g, 0 = 4*v - 3*m - 490. What are the prime factors of v?
2, 31
Let r = -76 - -873. What are the prime factors of r?
797
Let o = -30 - -30. Suppose -j - 2*j + 6 = o. Suppose -174 = 5*s - c - 477, 5*s = j*c + 301. List the prime factors of s.
61
Suppose -49*o - 12*o + 69601 = 0. List the prime factors of o.
7, 163
List the prime factors of 4 - (-629)/1 - -10.
643
Suppose -2*p + 26 = u, -5 + 28 = p + 3*u. Let t = -7 + p. Suppose -3*f - 4*l + 72 = 0, 1 = 4*f - t*l - 67. What are the prime factors of f?
2, 5
Let k(q) = -51*q**3 + 3*q**2 - q. Let b be k(1). Let g = 99 + b. Let t = -26 + g. What are the prime factors of t?
2, 3
Let w = 1 + 1. Suppose 25 = 3*p + w*p. Suppose -p = s - 9. What are the prime factors of s?
2
List the prime factors of 26/52*(778 - 0).
389
Let r = 601 + -519. What are the prime factors of r?
2, 41
Let z(d) = 39*d**2 - 10*d + 29. List the prime factors of z(5).
2, 3, 53
Suppose 0 = -4*d - 5*c + 4914, 9*c + 4926 = 4*d + 8*c. List the prime factors of d.
1231
Let v(h) = h**3 + 12*h**2 + h + 16. Let l be v(-12). Suppose 58 = l*o + 3*x - 0*x, 31 = 3*o - 4*x. What are the prime factors of o?
13
Let x be 197 + -7 + (7 - 3). Suppose f + 10 - x = 0. What are the prime factors of f?
2, 23
Let v(o) = -o**3 - 25*o**2 - 7*o + 14. Suppose -3 = 3*b, -9 = y + b + 17. What are the prime factors of v(y)?
3, 7
Let a = 753 + -193. List the prime factors of a.
2, 5, 7
Suppose 0 = 2*a - g - 6180, -3*a - 2*g + 5937 = -3319. List the prime factors of a.
2, 193
Suppose 5*l - l = 2*b + 62, 36 = 3*l - 5*b. Let o = -12 + l. Suppose o*s - 23 = 77. List the prime factors of s.
2, 5
Let x(k) = 8*k**2 - 19*k + 21. List the prime factors of x(-13).
2, 3, 5
What are the prime factors of 154/(12/9 - 51/45)?
2, 5, 7, 11
Suppose 5*s + t - 21525 = 0, 4*t - 2431 - 14789 = -4*s. What are the prime factors of s?
3, 5, 7, 41
Suppose -4*g = -3*g + 4. Let v(i) be the second derivative of -i**3/6 + i**2/2 - i. What are the prime factors of v(g)?
5
Let r be ((-30)/(-9))/((-12)/(-36)). Let y(i) = -i**3 + 6*i**2 - 6*i + 5. Let m be y(5). Suppose -3*z + 5*z - r = m. What are the prime factors of z?
5
Let z be (7 + 0)/((-2)/(-4)). Let l(s) be the third derivative of -s**6/120 + 13*s**5/60 + 17*s**4/24 - s**3 + 63*s**2. What are the prime factors of l(z)?
2, 3
Let d(y) = y**2 + 18*y + 48. Let s be d(-15). Suppose -5*k = -4*o + s*o - 745, 0 = -2*k + o + 298. List the prime factors of k.
149
Let h(p) = p**3 - 5*p**2 + 31*p - 3. What are the prime factors of h(10)?
3, 269
Let k = 11 - 8. Let g(w) = -11*w**2 - 2*w + 3*w + 2*w**k + 8*w**2 - w**3 + 1. What are the prime factors of g(4)?
3, 7
Suppose 3*a = 0, 2*r = -r - 2*a + 12. List the prime factors of (708/18)/((-3)/((-54)/r)).
3, 59
Let k(v) be the first derivative of -5*v**4/24 - v**3/2 + 2*v**2 + 5. Let c(x) be the second derivative of k(x). List the prime factors of c(-6).
3
Let l = 4 - -3. Let x = 3 + 6. List the prime factors of (l - 1)*x/6.
3
Suppose -7 + 3 = -o. Suppose 3*h - h = o. Suppose -2 = -2*b, -v + b = h*b - 42. What are the prime factors of v?
41
Let g(s) = 4*s**3 - 3*s**2 + s + 1. Let u be g(1). Let j be 849/7 + (-2)/7. Suppose -j = -u*d - 16. What are the prime factors of d?
5, 7
Let x = 22 + -21. Let g = x + 116. What are the prime factors of g?
3, 13
Let o be -2 + 1/(-1)*-13. Let w = o - -6. Suppose 0 = 2*a - w + 3. What are the prime factors of a?
7
Let z = 301 + -155. What are the prime factors of z?
2, 73
Let q be 24/(-2)*3/(-6). Let o(l) = l**3 - 4*l**2 + 3*l. Let j be o(3). List the prime factors of j + 3*28/q.
2, 7
Suppose -3*n - o + 3829 = -10481, -2*o = n - 4775. What are the prime factors of n?
19, 251
Let m(d) = d**2 + 6*d +